{"id":16355,"date":"2026-03-13T16:35:42","date_gmt":"2026-03-13T19:35:42","guid":{"rendered":"https:\/\/www.brasoptica.com.br\/site\/?post_type=product&#038;p=16355"},"modified":"2026-03-30T13:10:00","modified_gmt":"2026-03-30T16:10:00","slug":"solar-ray-ban-rb4440n-6356x041","status":"publish","type":"product","link":"https:\/\/www.brasoptica.com.br\/site\/produto\/solar-ray-ban-rb4440n-6356x041\/","title":{"rendered":"SOLAR RAY BAN &#8211; RB4440N 6356X041 WAYFARER"},"content":{"rendered":"<p>Os \u00d3culos de Sol Masculino e Feminino Ray Ban Blaze Wayfarer RB4440N 6356\/X0-41 s\u00e3o uma nova repagina\u00e7\u00e3o do modelo wayfarer da Ray-Ban, com lentes maiores e cores incr\u00edveis. Esta arma\u00e7\u00e3o, feita em acetato com acabamento fosco, \u00e9 transl\u00facida com lentes azuis em degrad\u00ea espelhadas em vermelho.<\/p>\n<p>Ponte: 1,6 cm.<br \/>\nLargura da Lente: 4,1cm.<br \/>\nTamanho: 41<br \/>\nC\u00f3d: 331340<\/p>\n","protected":false},"excerpt":{"rendered":"<p>Os \u00d3culos de Sol Masculino e Feminino Ray Ban Blaze Wayfarer RB4440N 6356\/X0-41 s\u00e3o uma [&hellip;]<\/p>\n","protected":false},"featured_media":16356,"comment_status":"closed","ping_status":"closed","template":"","meta":[],"product_brand":[178],"product_cat":[227,53,62,61],"product_tag":[],"awcf_genero":[231,230],"awcf_material":[232],"awcf_cor":[233],"awcf_formato":[234],"class_list":{"0":"post-16355","1":"product","2":"type-product","3":"status-publish","4":"has-post-thumbnail","6":"product_brand-ray-ban","7":"product_cat-destaques-ray-ban","8":"product_cat-armacoes-solares","9":"product_cat-solares-femininos","10":"product_cat-solares-masculinos","11":"awcf_genero-feminino","12":"awcf_genero-masculino","13":"awcf_material-titanio","14":"awcf_cor-azul","15":"awcf_formato-redondo","17":"first","18":"instock","19":"sale","20":"shipping-taxable","21":"purchasable","22":"product-type-simple"},"_links":{"self":[{"href":"https:\/\/www.brasoptica.com.br\/site\/wp-json\/wp\/v2\/product\/16355","targetHints":{"allow":["GET"]}}],"collection":[{"href":"https:\/\/www.brasoptica.com.br\/site\/wp-json\/wp\/v2\/product"}],"about":[{"href":"https:\/\/www.brasoptica.com.br\/site\/wp-json\/wp\/v2\/types\/product"}],"replies":[{"embeddable":true,"href":"https:\/\/www.brasoptica.com.br\/site\/wp-json\/wp\/v2\/comments?post=16355"}],"wp:featuredmedia":[{"embeddable":true,"href":"https:\/\/www.brasoptica.com.br\/site\/wp-json\/wp\/v2\/media\/16356"}],"wp:attachment":[{"href":"https:\/\/www.brasoptica.com.br\/site\/wp-json\/wp\/v2\/media?parent=16355"}],"wp:term":[{"taxonomy":"product_brand","embeddable":true,"href":"https:\/\/www.brasoptica.com.br\/site\/wp-json\/wp\/v2\/product_brand?post=16355"},{"taxonomy":"product_cat","embeddable":true,"href":"https:\/\/www.brasoptica.com.br\/site\/wp-json\/wp\/v2\/product_cat?post=16355"},{"taxonomy":"product_tag","embeddable":true,"href":"https:\/\/www.brasoptica.com.br\/site\/wp-json\/wp\/v2\/product_tag?post=16355"},{"taxonomy":"awcf_genero","embeddable":true,"href":"https:\/\/www.brasoptica.com.br\/site\/wp-json\/wp\/v2\/awcf_genero?post=16355"},{"taxonomy":"awcf_material","embeddable":true,"href":"https:\/\/www.brasoptica.com.br\/site\/wp-json\/wp\/v2\/awcf_material?post=16355"},{"taxonomy":"awcf_cor","embeddable":true,"href":"https:\/\/www.brasoptica.com.br\/site\/wp-json\/wp\/v2\/awcf_cor?post=16355"},{"taxonomy":"awcf_formato","embeddable":true,"href":"https:\/\/www.brasoptica.com.br\/site\/wp-json\/wp\/v2\/awcf_formato?post=16355"}],"curies":[{"name":"wp","href":"https:\/\/api.w.org\/{rel}","templated":true}]}}