{"id":16026,"date":"2025-12-03T15:09:13","date_gmt":"2025-12-03T18:09:13","guid":{"rendered":"https:\/\/www.brasoptica.com.br\/site\/?post_type=product&#038;p=16026"},"modified":"2025-12-03T15:09:13","modified_gmt":"2025-12-03T18:09:13","slug":"solar-tom-ford-ft0933_5801a","status":"publish","type":"product","link":"https:\/\/www.brasoptica.com.br\/site\/produto\/solar-tom-ford-ft0933_5801a\/","title":{"rendered":"SOLAR TOM FORD FT0933_5801A"},"content":{"rendered":"<table class=\"group Caracteristicas\" cellspacing=\"0\">\n<tbody>\n<tr class=\"even\">\n<th class=\"name-field Tipo-de-Oculos\">Tipo de \u00d3culos<\/th>\n<td class=\"value-field Tipo-de-Oculos\">\u00d3culos de Sol<\/td>\n<\/tr>\n<tr>\n<th class=\"name-field Tamanho\">Tamanho<\/th>\n<td class=\"value-field Tamanho\">58<\/td>\n<\/tr>\n<tr class=\"even\">\n<th class=\"name-field Ponte\">Ponte<\/th>\n<td class=\"value-field Ponte\">15<\/td>\n<\/tr>\n<tr>\n<th class=\"name-field Frontal\"><\/th>\n<td class=\"value-field Frontal\"><\/td>\n<\/tr>\n<tr class=\"even\">\n<th class=\"name-field Altura\"><\/th>\n<td class=\"value-field Altura\"><\/td>\n<\/tr>\n<tr>\n<th class=\"name-field Haste\"><\/th>\n<td class=\"value-field Haste\"><\/td>\n<\/tr>\n<tr class=\"even\">\n<th class=\"name-field Genero\"><\/th>\n<td class=\"value-field Genero\"><\/td>\n<\/tr>\n<tr>\n<th class=\"name-field Estilo-do-Oculos\"><\/th>\n<td class=\"value-field Estilo-do-Oculos\"><\/td>\n<\/tr>\n<tr class=\"even\">\n<th class=\"name-field Tipo-da-Armacao\"><\/th>\n<td class=\"value-field Tipo-da-Armacao\"><\/td>\n<\/tr>\n<tr>\n<th class=\"name-field Material-da-Armacao\">Material da Arma\u00e7\u00e3o<\/th>\n<td class=\"value-field Material-da-Armacao\">Acetato<\/td>\n<\/tr>\n<tr class=\"even\">\n<th class=\"name-field Cor-da-Armacao\">Cor da Arma\u00e7\u00e3o<\/th>\n<td class=\"value-field Cor-da-Armacao\">Preto<\/td>\n<\/tr>\n<tr>\n<th class=\"name-field Tipo-de-Lente\">Tipo de Lente<\/th>\n<td class=\"value-field Tipo-de-Lente\">Solido<\/td>\n<\/tr>\n<tr class=\"even\">\n<th class=\"name-field Cor-da-Lente\">Cor da Lente<\/th>\n<td class=\"value-field Cor-da-Lente\">Cinza<\/td>\n<\/tr>\n<\/tbody>\n<\/table>\n<p>c\u00f3d: 504471<\/p>\n","protected":false},"excerpt":{"rendered":"<p>Tipo de \u00d3culos \u00d3culos de Sol Tamanho 58 Ponte 15 Material da Arma\u00e7\u00e3o Acetato Cor [&hellip;]<\/p>\n","protected":false},"featured_media":16027,"comment_status":"closed","ping_status":"closed","template":"","meta":[],"product_brand":[210],"product_cat":[53,61],"product_tag":[],"awcf_genero":[],"awcf_material":[],"awcf_cor":[],"awcf_formato":[],"class_list":{"0":"post-16026","1":"product","2":"type-product","3":"status-publish","4":"has-post-thumbnail","6":"product_brand-tom-ford","7":"product_cat-armacoes-solares","8":"product_cat-solares-masculinos","10":"first","11":"instock","12":"shipping-taxable","13":"purchasable","14":"product-type-simple"},"_links":{"self":[{"href":"https:\/\/www.brasoptica.com.br\/site\/wp-json\/wp\/v2\/product\/16026","targetHints":{"allow":["GET"]}}],"collection":[{"href":"https:\/\/www.brasoptica.com.br\/site\/wp-json\/wp\/v2\/product"}],"about":[{"href":"https:\/\/www.brasoptica.com.br\/site\/wp-json\/wp\/v2\/types\/product"}],"replies":[{"embeddable":true,"href":"https:\/\/www.brasoptica.com.br\/site\/wp-json\/wp\/v2\/comments?post=16026"}],"wp:featuredmedia":[{"embeddable":true,"href":"https:\/\/www.brasoptica.com.br\/site\/wp-json\/wp\/v2\/media\/16027"}],"wp:attachment":[{"href":"https:\/\/www.brasoptica.com.br\/site\/wp-json\/wp\/v2\/media?parent=16026"}],"wp:term":[{"taxonomy":"product_brand","embeddable":true,"href":"https:\/\/www.brasoptica.com.br\/site\/wp-json\/wp\/v2\/product_brand?post=16026"},{"taxonomy":"product_cat","embeddable":true,"href":"https:\/\/www.brasoptica.com.br\/site\/wp-json\/wp\/v2\/product_cat?post=16026"},{"taxonomy":"product_tag","embeddable":true,"href":"https:\/\/www.brasoptica.com.br\/site\/wp-json\/wp\/v2\/product_tag?post=16026"},{"taxonomy":"awcf_genero","embeddable":true,"href":"https:\/\/www.brasoptica.com.br\/site\/wp-json\/wp\/v2\/awcf_genero?post=16026"},{"taxonomy":"awcf_material","embeddable":true,"href":"https:\/\/www.brasoptica.com.br\/site\/wp-json\/wp\/v2\/awcf_material?post=16026"},{"taxonomy":"awcf_cor","embeddable":true,"href":"https:\/\/www.brasoptica.com.br\/site\/wp-json\/wp\/v2\/awcf_cor?post=16026"},{"taxonomy":"awcf_formato","embeddable":true,"href":"https:\/\/www.brasoptica.com.br\/site\/wp-json\/wp\/v2\/awcf_formato?post=16026"}],"curies":[{"name":"wp","href":"https:\/\/api.w.org\/{rel}","templated":true}]}}