{"id":14388,"date":"2025-10-28T14:18:52","date_gmt":"2025-10-28T17:18:52","guid":{"rendered":"https:\/\/www.brasoptica.com.br\/site\/?post_type=product&#038;p=14388"},"modified":"2025-10-28T15:11:24","modified_gmt":"2025-10-28T18:11:24","slug":"solar-tom-ford-ft1182_0001e","status":"publish","type":"product","link":"https:\/\/www.brasoptica.com.br\/site\/produto\/solar-tom-ford-ft1182_0001e\/","title":{"rendered":"SOLAR TOM FORD FT1182_0001E"},"content":{"rendered":"<p><span dir=\"auto\">O \u00d3culos de Sol Tom Ford FT1182-01E \u00e9 um acess\u00f3rio de luxo de uma das marcas mais influentes e cobi\u00e7adas do mundo da Moda. Os \u00f3culos de sol Tom Ford s\u00e3o democr\u00e1ticos, com modelos para todos os estilos. Estes \u00f3culos de sol modelo mascara, de design exclusivo, trazem um efeito elegante na combina\u00e7\u00e3o das lentes com a arma\u00e7\u00e3o. Um \u00f3culos de sol de luxo, poderoso e sofisticado.\u00a0<\/span><\/p>\n<p><span dir=\"auto\">Altura da Lente: 51 mm<\/span><\/p>\n<p><span dir=\"auto\">Press\u00e3o: 145 mm<\/span><\/p>\n<p><span dir=\"auto\">Estilo da Arma\u00e7\u00e3o:\u00a0Mascara<\/span><\/p>\n<p><span dir=\"auto\">Cor das Lentes: Laranja<\/span><\/p>\n<p><span dir=\"auto\">Cor da Arma\u00e7\u00e3o: Preto<\/span><\/p>\n<p><span dir=\"auto\">Material da Arma\u00e7\u00e3o: Acetato<\/span><\/p>\n<p>c\u00f3d: 503740<\/p>\n","protected":false},"excerpt":{"rendered":"<p>O \u00d3culos de Sol Tom Ford FT1182-01E \u00e9 um acess\u00f3rio de luxo de uma das [&hellip;]<\/p>\n","protected":false},"featured_media":14390,"comment_status":"closed","ping_status":"closed","template":"","meta":[],"product_brand":[210],"product_cat":[53,62,61],"product_tag":[],"awcf_genero":[],"awcf_material":[],"awcf_cor":[],"awcf_formato":[],"class_list":{"0":"post-14388","1":"product","2":"type-product","3":"status-publish","4":"has-post-thumbnail","6":"product_brand-tom-ford","7":"product_cat-armacoes-solares","8":"product_cat-solares-femininos","9":"product_cat-solares-masculinos","11":"first","12":"instock","13":"shipping-taxable","14":"purchasable","15":"product-type-simple"},"_links":{"self":[{"href":"https:\/\/www.brasoptica.com.br\/site\/wp-json\/wp\/v2\/product\/14388","targetHints":{"allow":["GET"]}}],"collection":[{"href":"https:\/\/www.brasoptica.com.br\/site\/wp-json\/wp\/v2\/product"}],"about":[{"href":"https:\/\/www.brasoptica.com.br\/site\/wp-json\/wp\/v2\/types\/product"}],"replies":[{"embeddable":true,"href":"https:\/\/www.brasoptica.com.br\/site\/wp-json\/wp\/v2\/comments?post=14388"}],"wp:featuredmedia":[{"embeddable":true,"href":"https:\/\/www.brasoptica.com.br\/site\/wp-json\/wp\/v2\/media\/14390"}],"wp:attachment":[{"href":"https:\/\/www.brasoptica.com.br\/site\/wp-json\/wp\/v2\/media?parent=14388"}],"wp:term":[{"taxonomy":"product_brand","embeddable":true,"href":"https:\/\/www.brasoptica.com.br\/site\/wp-json\/wp\/v2\/product_brand?post=14388"},{"taxonomy":"product_cat","embeddable":true,"href":"https:\/\/www.brasoptica.com.br\/site\/wp-json\/wp\/v2\/product_cat?post=14388"},{"taxonomy":"product_tag","embeddable":true,"href":"https:\/\/www.brasoptica.com.br\/site\/wp-json\/wp\/v2\/product_tag?post=14388"},{"taxonomy":"awcf_genero","embeddable":true,"href":"https:\/\/www.brasoptica.com.br\/site\/wp-json\/wp\/v2\/awcf_genero?post=14388"},{"taxonomy":"awcf_material","embeddable":true,"href":"https:\/\/www.brasoptica.com.br\/site\/wp-json\/wp\/v2\/awcf_material?post=14388"},{"taxonomy":"awcf_cor","embeddable":true,"href":"https:\/\/www.brasoptica.com.br\/site\/wp-json\/wp\/v2\/awcf_cor?post=14388"},{"taxonomy":"awcf_formato","embeddable":true,"href":"https:\/\/www.brasoptica.com.br\/site\/wp-json\/wp\/v2\/awcf_formato?post=14388"}],"curies":[{"name":"wp","href":"https:\/\/api.w.org\/{rel}","templated":true}]}}