{"id":1129,"date":"2025-09-01T10:01:44","date_gmt":"2025-09-01T13:01:44","guid":{"rendered":"https:\/\/www.brasoptica.com.br\/site\/?post_type=product&#038;p=1129"},"modified":"2025-09-12T13:23:41","modified_gmt":"2025-09-12T16:23:41","slug":"armacao-tiffany-co-0tf2204-8286-54","status":"publish","type":"product","link":"https:\/\/www.brasoptica.com.br\/site\/produto\/armacao-tiffany-co-0tf2204-8286-54\/","title":{"rendered":"ARMA\u00c7\u00c3O TIFFANY &#038; CO 0TF2204 8286 54"},"content":{"rendered":"<h3 data-start=\"106\" data-end=\"174\">Arma\u00e7\u00e3o Tiffany &amp; Co. TF2204 8286 54 \u2013 Havana Azul Transl\u00facido<\/h3>\n<p data-start=\"176\" data-end=\"413\">A <strong data-start=\"178\" data-end=\"207\">Tiffany &amp; Co. TF2204 8286<\/strong> traduz a uni\u00e3o perfeita entre eleg\u00e2ncia e modernidade. Com design quadrado levemente arredondado, o modelo valoriza o olhar com sofistica\u00e7\u00e3o, sendo ideal para quem busca um acess\u00f3rio refinado e vers\u00e1til.<\/p>\n<p data-start=\"415\" data-end=\"698\">Produzida em acetato de alta qualidade, a arma\u00e7\u00e3o apresenta a charmosa combina\u00e7\u00e3o <strong data-start=\"497\" data-end=\"540\">Havana com detalhes em azul transl\u00facido<\/strong>, resultando em um visual elegante e contempor\u00e2neo. As hastes, marcadas pelo logotipo Tiffany &amp; Co., garantem autenticidade e refor\u00e7am o prest\u00edgio da marca.<\/p>\n<p data-start=\"700\" data-end=\"714\"><strong data-start=\"700\" data-end=\"712\">Medidas:<\/strong><\/p>\n<ul data-start=\"715\" data-end=\"777\">\n<li data-start=\"715\" data-end=\"742\">\n<p data-start=\"717\" data-end=\"742\">Largura da lente: 54 mm<\/p>\n<\/li>\n<li data-start=\"743\" data-end=\"759\">\n<p data-start=\"745\" data-end=\"759\">Ponte: 16 mm<\/p>\n<\/li>\n<li data-start=\"760\" data-end=\"777\">\n<p data-start=\"762\" data-end=\"777\">Haste: 140 mm<\/p>\n<\/li>\n<\/ul>\n<p data-start=\"779\" data-end=\"1012\">Fabricada na It\u00e1lia, essa arma\u00e7\u00e3o expressa a excel\u00eancia artesanal e o compromisso da Tiffany &amp; Co. com design sofisticado e durabilidade. Uma escolha perfeita para quem deseja unir estilo, conforto e exclusividade em seu dia a dia.<\/p>\n<p data-start=\"779\" data-end=\"1012\">c\u00f3d: 448141<\/p>\n","protected":false},"excerpt":{"rendered":"<p>Arma\u00e7\u00e3o Tiffany &amp; Co. TF2204 8286 54 \u2013 Havana Azul Transl\u00facido A Tiffany &amp; Co. [&hellip;]<\/p>\n","protected":false},"featured_media":1132,"comment_status":"closed","ping_status":"closed","template":"","meta":[],"product_brand":[182],"product_cat":[42,64],"product_tag":[],"awcf_genero":[],"awcf_material":[],"awcf_cor":[],"awcf_formato":[],"class_list":{"0":"post-1129","1":"product","2":"type-product","3":"status-publish","4":"has-post-thumbnail","6":"product_brand-tiffany","7":"product_cat-armacoes-de-grau","8":"product_cat-armacoes-femininas","10":"first","11":"instock","12":"shipping-taxable","13":"purchasable","14":"product-type-simple"},"_links":{"self":[{"href":"https:\/\/www.brasoptica.com.br\/site\/wp-json\/wp\/v2\/product\/1129","targetHints":{"allow":["GET"]}}],"collection":[{"href":"https:\/\/www.brasoptica.com.br\/site\/wp-json\/wp\/v2\/product"}],"about":[{"href":"https:\/\/www.brasoptica.com.br\/site\/wp-json\/wp\/v2\/types\/product"}],"replies":[{"embeddable":true,"href":"https:\/\/www.brasoptica.com.br\/site\/wp-json\/wp\/v2\/comments?post=1129"}],"wp:featuredmedia":[{"embeddable":true,"href":"https:\/\/www.brasoptica.com.br\/site\/wp-json\/wp\/v2\/media\/1132"}],"wp:attachment":[{"href":"https:\/\/www.brasoptica.com.br\/site\/wp-json\/wp\/v2\/media?parent=1129"}],"wp:term":[{"taxonomy":"product_brand","embeddable":true,"href":"https:\/\/www.brasoptica.com.br\/site\/wp-json\/wp\/v2\/product_brand?post=1129"},{"taxonomy":"product_cat","embeddable":true,"href":"https:\/\/www.brasoptica.com.br\/site\/wp-json\/wp\/v2\/product_cat?post=1129"},{"taxonomy":"product_tag","embeddable":true,"href":"https:\/\/www.brasoptica.com.br\/site\/wp-json\/wp\/v2\/product_tag?post=1129"},{"taxonomy":"awcf_genero","embeddable":true,"href":"https:\/\/www.brasoptica.com.br\/site\/wp-json\/wp\/v2\/awcf_genero?post=1129"},{"taxonomy":"awcf_material","embeddable":true,"href":"https:\/\/www.brasoptica.com.br\/site\/wp-json\/wp\/v2\/awcf_material?post=1129"},{"taxonomy":"awcf_cor","embeddable":true,"href":"https:\/\/www.brasoptica.com.br\/site\/wp-json\/wp\/v2\/awcf_cor?post=1129"},{"taxonomy":"awcf_formato","embeddable":true,"href":"https:\/\/www.brasoptica.com.br\/site\/wp-json\/wp\/v2\/awcf_formato?post=1129"}],"curies":[{"name":"wp","href":"https:\/\/api.w.org\/{rel}","templated":true}]}}